
2, 5
Let c(m) = 8*m**2 + 3*m**3 - 2*m**3 + 5*m + 0*m**2 - 3 + 2. Let g be c(-6). Let u = g - 26. List the prime factors of u.
3, 5
Let j = 630 - 303. What are the prime factors of j?
3, 109
Let o(d) = -14*d - 1. Suppose 0*r - 21 = -3*r. Let z be o(r). What are the prime factors of z/(-12) - (-2)/(-8)?
2
Suppose 4*d - 156 = -4*f, 0*d + 3*f - 33 = -d. What are the prime factors of d?
2, 3, 7
Let d be (-1)/2 - (-50)/4. Let y(i) = -3*i - 4*i**2 + d*i + 5 + 3*i**2. List the prime factors of y(9).
5
List the prime factors of (84/(-18))/((-2)/9).
3, 7
Suppose 3*f = 5*k - 3 - 0, -f - 2 = -2*k. Suppose -k*x = x + 4, -m = -3*x - 14. What are the prime factors of m?
11
Suppose -67 = 3*n - 433. List the prime factors of n.
2, 61
Let u be ((-26)/(-3))/(2/6). Suppose -g + u = g. Let h = g + -6. List the prime factors of h.
7
Let b(f) = f**3 + 8*f**2 + 3*f - 3. What are the prime factors of b(-7)?
5
Suppose 0 = -5*a + 20, -q + 19 = 5*a - 4. Let n = -24 - -26. Suppose -q*i + 120 = n*i. What are the prime factors of i?
2, 3
Let j = -97 - -163. What are the prime factors of j?
2, 3, 11
Suppose 522 = -0*g + 6*g. What are the prime factors of g?
3, 29
What are the prime factors of ((-1)/(-2))/((-3)/(-1146))?
191
Suppose 3*c = 2*b, b + 0*b = c + 1. Let u be (b/6)/(1/(-20)). Let s(l) = l**3 + 9*l**2 - 12*l - 10. List the prime factors of s(u).
2, 5
Let w be (-4)/(-2)*(5 - 1). Suppose -m + 5*j = 16, 2*m = 5*j - w - 4. Suppose -m*x + 5 = -15. List the prime factors of x.
5
Suppose 6*z - 285 = 111. What are the prime factors of z?
2, 3, 11
Let f(t) = -10*t + 6*t + 5*t + 2. Let j(v) = -v**3 + 3*v**2 + 5*v - 4. Let c be j(4). What are the prime factors of f(c)?
2
Let p = 11 - -7. What are the prime factors of p?
2, 3
Let r(z) = -z**2 - 3*z + 2. Let t be r(-4). Let s = t + 13. List the prime factors of s.
11
Suppose -o = m - 3*m - 8, 5*o - 2*m = 24. Suppose -3*k = -o*k + 21. What are the prime factors of k?
3, 7
Suppose p - 4 = 3*p, 0 = 2*a - 4*p - 500. What are the prime factors of a?
2, 3, 41
Suppose -3*s - 184 = -7*s. Let y = s + -32. List the prime factors of y.
2, 7
Let l(i) = 20*i**2 + 4*i - 7. What are the prime factors of l(2)?
3
Suppose -5*u + 18 + 2 = 0. Suppose 29 - 2 = 3*c + 2*s, 0 = -u*c - s + 41. List the prime factors of c.
11
Let t(h) = -68*h - 56. What are the prime factors of t(-4)?
2, 3
Let j be (-4)/(-14) - 15678/91. List the prime factors of j/(-8) - (-2)/4.
2, 11
Suppose -5 + 60 = l. Suppose -3*h - q = 2*q - 30, 4*q = -5*h + l. Suppose -5*p + 33 = k, -k + h = 4*p - 2*p. List the prime factors of p.
2, 3
Let i(n) be the second derivative of -n**3/6 + 3*n**2 - 4*n. What are the prime factors of i(-7)?
13
Suppose -3*j + 12 = 2*j + 2*x, j - 4 = -2*x. Suppose 0 = -j*p + 1 + 31. What are the prime factors of p?
2
Let b = -19 - -91. What are the prime factors of b?
2, 3
Let j(b) = -b**2 - 8*b - 3. Suppose -4*d - 22 = -2. What are the prime factors of j(d)?
2, 3
Let b(j) = -17*j**3 + 2*j**2 - 4*j - 6. List the prime factors of b(-2).
2, 73
Suppose 4*h - 2*d = 192, 3*d = 5 + 1. What are the prime factors of h?
7
Suppose 3*n - 18 = -4*s, -4*n - 5*s = n - 25. Let u(c) = c**2 + c - 1. What are the prime factors of u(n)?
5
Suppose -3*s + 2*v = -149, 0*s + 246 = 5*s - v. What are the prime factors of s?
7
Let i be ((-9)/(-4))/((-6)/24). Let v = i + 13. List the prime factors of v.
2
Suppose 0 = 2*m + 4*m - 546. What are the prime factors of m?
7, 13
Let a = -10 - -69. List the prime factors of a.
59
Let z = 158 + 14. What are the prime factors of z?
2, 43
Let d = 3 - 8. Let n(z) = z + 8. Let x be n(d). Suppose 3 + 21 = x*a. List the prime factors of a.
2
Let w = -25 + 12. Let a = 48 + w. What are the prime factors of a?
5, 7
Let h be -1*0/3 - -2. Suppose 4*l + 2*t + h = 0, -4*l - 4*t - 12 = -0*t. Suppose 0 = x + l*w, 7*x - 3*x + 4*w - 8 = 0. What are the prime factors of x?
2
Let h = 16 + -5. Suppose -f = 2*s - 15 - 4, h = -2*s + 5*f. List the prime factors of s.
7
What are the prime factors of (-1920)/(-84) + 1/7?
23
Suppose 2*f = 3*n + n - 326, 0 = -f - 3. What are the prime factors of n?
2, 5
Suppose 0 = 3*h + 2*w + 2, -4*h + 3*w + 2 = 8*w. Let o(x) = x + 11. Let l be o(0). Let z = l + h. What are the prime factors of z?
3
What are the prime factors of (75 + 0)*6/10?
3, 5
Let a = 46 + -33. List the prime factors of a.
13
Let j = 6 - 6. Suppose 0 = 2*c - j*c - 4. What are the prime factors of c?
2
Suppose 0*p - 5*p = 50. What are the prime factors of 41/2 - 5/p?
3, 7
Let y(s) = -s**3 - 4*s**2 - s - 2. Let v be y(-3). Let o be (v/(-6))/1*3. Suppose 0*q = -o*q + 12. List the prime factors of q.
3
Suppose -w + 0*w - j + 10 = 0, -3*j = 0. What are the prime factors of w?
2, 5
List the prime factors of 230 - 3/((-12)/8).
2, 29
Let q(y) = -y**3 + 8*y**2 + 4. Let g be q(8). Suppose -g*x + 19 = 7. What are the prime factors of x?
3
Suppose 108 = -4*f - 60. Let q = f - -72. What are the prime factors of q?
2, 3, 5
Let p(a) = 3*a**2 + 5*a - 5. Suppose -4*g = -3*z + 17, 5*z - 22 = z + 5*g. List the prime factors of p(z).
37
Let a(o) = -o**2 + 4*o - 1. Let y be a(5). Let x be (-15)/y - (-1)/2. List the prime factors of (-1 + x)*(-13)/(-2).
13
Suppose 6*f = 4*f + 6. Let d = 0 - 0. Suppose 3*z + 2*y - 4 = d, 6 = f*z - 3*y - 3. List the prime factors of z.
2
Let z = -16 - 5. Let y be z/12 + 1/(-4). What are the prime factors of 0 + -1 + 5 + y?
2
Let p(o) = -o**3 + 9*o**2 - 11*o + 23. List the prime factors of p(6).
5, 13
Suppose 12 - 219 = -2*z + 5*r, 2*z - 228 = -2*r. What are the prime factors of z?
3, 37
Let c(w) = -w**2 + 6*w - 5. Let v be c(5). Let b(n) = -n**2 - 7*n. Let i be b(-5). Let q = i - v. List the prime factors of q.
2, 5
Let r(g) = -g**3 - 9*g**2 + 2. Let h = -3 + -6. List the prime factors of r(h).
2
List the prime factors of 238/(-21)*(-63)/6.
7, 17
Suppose -3*m - 152 - 67 = -3*f, 365 = 5*f + 4*m. What are the prime factors of f?
73
What are the prime factors of 0 + 29 + -3 + 3 + 1?
2, 3, 5
Let m(c) = -c**2 - 5*c - 3. Let v be m(-4). Suppose 5 = g - v. List the prime factors of g.
2, 3
Let i(m) = -6*m - 3. What are the prime factors of i(-4)?
3, 7
Let w = -10 + 15. Let k(f) = f - f**2 - 4*f + 6*f**2 - f**3 + 3 + 4*f. List the prime factors of k(w).
2
Suppose 5*r + 0*r - 320 = 3*q, -2*r + 4*q + 114 = 0. List the prime factors of r.
67
Let n = -8 - -20. Suppose y + 33 - n = l, -3*y + 22 = 2*l. What are the prime factors of l?
17
Suppose 0*l + 2*i - 38 = -3*l, -66 = -4*l + 5*i. What are the prime factors of l?
2, 7
Let h = -49 + 95. What are the prime factors of h?
2, 23
Let g(f) = 5*f - 2. What are the prime factors of g(3)?
13
Let n = -150 + 226. What are the prime factors of n?
2, 19
Let q = 65 + 129. List the prime factors of q.
2, 97
Let l(h) = 3*h**3 + 20*h**2 - 21*h - 21. Let m(y) = y**3 + 7*y**2 - 7*y - 7. Let p(a) = 3*l(a) - 8*m(a). Let x = 20 + -25. What are the prime factors of p(x)?
3
Let u = -4 - -4. Let w = u - -5. What are the prime factors of w?
5
Suppose 0 = -4*n - 5*r + 53 + 6, -57 = -2*n + 3*r. Let s = 29 - n. What are the prime factors of s?
2
Suppose 674 + 166 = 4*i. Suppose -2*a + 7*a = i. Let g = a + -28. What are the prime factors of g?
2, 7
Let x(z) = 0*z**2 - z + 5 - z**2 + z**3 + 6*z**2. List the prime factors of x(-5).
2, 5
Let o be 3/((-2)/((-8)/3)). Suppose -25 = -3*j + 5*k - 0*k, 0 = 4*j + 4*k - 44. Suppose t + o*t = j. What are the prime factors of t?
2
Let o be -1 - 1*(-51)/(-3). Let b = o + 28. List the prime factors of b.
2, 5
Let i = -50 + 76. Suppose i = -2*v + 4*v. What are the prime factors of v?
13
Suppose 12 = -5*z + 47. Suppose 5*k - 8 = z. What are the prime factors of k?
3
Suppose -n + 29 = -0*n + 2*v, 5*n = -5*v + 125. Let o = 33 - n. What are the prime factors of o?
2, 3
Suppose u = 5 + 10. Let b = u - -5. What are the prime factors of b?
2, 5
Let h = 22 + 303. List the prime factors of h.
5, 13
Let c = 50 - 82. Let r = -22 - c. List the prime factors of r.
2, 5
Suppose -8 + 23 = 5*m. Suppose 0 = t + 3*l - m - 0, 0 = -3*t - 2*l + 2. Let a = t - -2. List the prime factors of a.
2
Let w = 52 - 21. List the prime factors of w.
31
Suppose 2 + 36 = 2*y. List the prime factors of y.
19
Suppose -4*n = -42 - 102. Suppose 5*r = 14 + n. List the prime factors of r.
2, 5
Let p = 3 + -4. Let n = p - -5. Suppose t + 4*m = 